 -2*z - 2*z + 19 = -y. What is the remainder when 12 is divided by z?
0
Suppose -5*w = -383 + 308. Suppose -5*o - t + w = 0, -2*o - 4*t = 19 - 7. What is the remainder when o is divided by 1?
0
Calculate the remainder when 208 is divided by -2 + (-44)/(-66) - (-589)/3.
13
Let v = 4265 - 4149. What is the remainder when 783 is divided by v?
87
Let x be (-3)/(-5) - (126/(-35))/(-6). Suppose x = -5*l + 21*l - 1952. Calculate the remainder when l is divided by 41.
40
Let o be (-3)/5 + (-92)/(-20). Suppose 27 = o*x + 7. Suppose x*r + r = 300. What is the remainder when r is divided by 27?
23
Let s(o) = 17*o**2 - 118*o - 235. What is the remainder when 207 is divided by s(-2)?
0
Suppose -113*d + 11620 = 219*d. What is the remainder when 13717 is divided by d?
32
Let y = 146 + -144. Suppose -74 = -4*j - 0*u + u, -3*j + 58 = -y*u. What is the remainder when 125 is divided by j?
17
Let l = 32 - 47. Let n be 3/24 - l/8. Calculate the remainder when 37 is divided by (5 + (-133)/21)*(-15)/n.
7
Let l = 15 - -11. Let f = 109 + -19. Suppose -f = -5*b - 0*t + t, -5*t = 3*b - l. Calculate the remainder when 48 is divided by b.
14
Let z = 20932 + -20778. What is the remainder when 427 is divided by z?
119
Let h(b) = 220*b - 1192. What is the remainder when 340 is divided by h(6)?
84
Calculate the remainder when 21532 is divided by (-170805)/1737*(-3)/5.
56
Suppose g - 10*g - 117 = 0. Let h(v) = 10*v + 133. Calculate the remainder when 23 is divided by h(g).
2
Let f = 114 - 83. Calculate the remainder when 38 is divided by f.
7
Let l = 28 + -24. Suppose l*y - 418 = 5*s, 3*y + 3*s + s - 298 = 0. Suppose 0 = -7*q + 4*q + y. What is the remainder when q is divided by 18?
16
Let g(h) = 47*h + 33. Let q be g(-6). Let z = 497 + q. What is the remainder when z is divided by 63?
59
Let u = 63 + -59. Let b be (4 - 7) + (u - -3). Suppose b*y - 35 - 5 = 0. Calculate the remainder when 47 is divided by y.
7
Suppose 379*b - 1094856 = 71*b - 91*b. What is the remainder when b is divided by 89?
74
Let f be 3/5 + 66/15. Suppose 5*b = -5, -4*o = -7*o + f*b + 35. Suppose 0 = 2*c + o, -2*l + 104 = 2*c + 2. Calculate the remainder when l is divided by 19.
18
Suppose -2*b + 375 = -5*f, -8*b - 2*f = 778 - 2256. What is the remainder when b is divided by 121?
64
Suppose -2*h + 76 = 2*h - 3*x, 4*x - 104 = -4*h. Suppose h + 8 = q. Calculate the remainder when 36/24*(-688)/(-12) is divided by q.
26
Let n = 369 + -325. Calculate the remainder when 149 is divided by (n/12 - 4)/((-5)/1185).
70
Calculate the remainder when 207 is divided by (-11 - 760/(-60)) + (-398)/(-6).
3
Suppose 35*l + 154 = 25*l + 24*l. What is the remainder when 1031 is divided by l?
8
Suppose -2*w - 2*w = 100. Suppose 5*i = -3*g + 266, 0*g + g = 2. Let h = i + w. What is the remainder when 80 is divided by h?
26
Suppose -u + 0*u + 10 = 0. Let y(f) = -3*f - 25. Let w be y(-9). Suppose d + 144 = 3*j - 2*d, -2*j - w*d = -96. Calculate the remainder when j is divided by u.
8
Suppose -48*k - 4*q = -49*k + 176, -3*q - 178 = -k. What is the remainder when k is divided by 168?
16
Let x = -30173 - -31383. What is the remainder when x is divided by 1210?
0
Suppose -3*s - 4 = -16. Suppose s*r - 11*r + 126 = 0. Suppose 13*q = 99 + r. What is the remainder when 17 is divided by q?
8
Suppose 0 = -q - 37641 + 37747. Calculate the remainder when 867 is divided by q.
19
Suppose 3*u + 1 = v + 14, 0 = v + 2*u - 12. Calculate the remainder when 46 is divided by 96/(-9)*(5 - 13/v).
14
Let d(f) = -17*f + 84. Let s be d(5). What is the remainder when 64 is divided by 36 - ((-1)/1*s + 1)?
30
Let i(h) = h**3 - h**2 + 41. Let j(n) = 11*n - 170. Let a = -99 - -115. Calculate the remainder when i(0) is divided by j(a).
5
Let q be (-8)/(-2) - (10 + -2). What is the remainder when 60 is divided by (0 - -40) + (2 - 5) + q?
27
Suppose -2*f + 39 = 5*m, 128*f + 4*m = 133*f - 180. Calculate the remainder when 48 is divided by f.
16
Let a = -38 - 5. Let f = a - -53. Calculate the remainder when 176 is divided by f.
6
Suppose -12 = 12*j - 9*j, 3*m - 4*j = 2452. What is the remainder when m is divided by 36?
20
Let m be 48/(-60)*(-15)/(-2). What is the remainder when 82 is divided by 6630/153 + 8/m*1?
40
What is the remainder when 579 is divided by (4 + 0 + (-70)/20)*174?
57
Suppose -20*l = 304 - 1584. What is the remainder when l is divided by 10?
4
Suppose 20*h - 26 = -206. Let t(v) = -2*v**3 - 16*v**2 - 13*v - 10. What is the remainder when t(h) is divided by 21?
17
Let o(b) be the first derivative of -b**3/3 + 7*b**2/2 + b - 12. Let x be o(6). Suppose 0 = 4*p - 1 - x. What is the remainder when 2 is divided by p?
0
Let q = 4985 + -4074. Calculate the remainder when q is divided by 187.
163
Suppose -3*c = -4*k + 136, 2*k + 5*c - 51 - 43 = 0. Suppose 0 = -d - 526 + 536. What is the remainder when k is divided by d?
7
Suppose -18 = 14*w - 130. Suppose -r = -5*x + w*x - 141, 0 = -3*x + r + 141. What is the remainder when 180 is divided by x?
39
Let d = 13011 - 9493. What is the remainder when d is divided by 44?
42
Let y(v) = -5*v + 11. Let k be y(-6). Let c = k + -24. Suppose -8*j + j + 455 = 0. Calculate the remainder when j is divided by c.
14
Let b be (-11)/(77/(-28)) + 6. Calculate the remainder when 6 is divided by (-122)/(-20) - b/100.
0
Suppose 18*i - 4620 = -2*i. Let y = i - -181. What is the remainder when y is divided by 52?
48
Suppose 7*h - 4*h - 501 = 0. Let z(p) = -25*p - 219. Calculate the remainder when h is divided by z(-11).
55
Let i(l) = 42*l - 104 + 22 + 6*l - 10*l. What is the remainder when 139 is divided by i(4)?
69
Suppose -3*i - 4*w + 0*w - 8 = 0, -w = -2*i + 2. Suppose -3*y - 3*j = -i*y - 198, y - 67 = -2*j. Calculate the remainder when y is divided by 19.
8
Suppose -5*f = -3*f - 170. Let o = -44571 - -44600. Calculate the remainder when f is divided by o.
27
Let h = -3135 + 3170. What is the remainder when 1319 is divided by h?
24
Suppose 0 = -5*j - 2*s + 265, 4*j - 227 = -2*s - 15. Suppose -5*l = -6*l + j. What is the remainder when 91 is divided by l?
38
Suppose -4*o + 4*w = 0, 3*o - 3*w = -w + 2. Suppose -100 = -5*s + 2*f, o*s - 22 - 19 = f. Calculate the remainder when 18 is divided by s.
0
Suppose -210 = -4*q + 9*q. Let a = -46 - q. What is the remainder when 15 is divided by (-76)/(-12) + (a/6)/2?
3
Let t(o) = o**3 + 8*o**2 - 4*o + 17. Let f = -66 - -58. What is the remainder when 241 is divided by t(f)?
45
Let t be (4 - 5)/((-4)/(-4))*-59. Suppose 24*c - 72 = 20*c + 4*h, 3*c = 4*h + t. What is the remainder when 21 is divided by c?
8
Let h(j) = -j**3 - 8*j**2 - 4*j + 1. Let x be h(-4). Let n = x + 106. Suppose 5*m = n + 71. Calculate the remainder when m is divided by 7.
5
Let b = -224 - -259. Suppose -4*f = -33 - b. Let u(z) = z**3 + 3*z**2 - 4*z + 3. What is the remainder when f is divided by u(-4)?
2
Let x(d) = -141*d - 978. Calculate the remainder when 1519 is divided by x(-7).
7
Let n = -338 - -504. What is the remainder when n is divided by (34/4)/((-5)/5)*-2?
13
Suppose f = 5*f - 80. Let x = 24 - f. Let s(h) = 5*h**2 - 13*h + 4. What is the remainder when 126 is divided by s(x)?
30
Let m(c) = -1129*c - 11190. What is the remainder when 6599 is divided by m(-10)?
99
Suppose -50*u = -37*u - 650. Suppose -25 = 5*j, -2*q - 3 = -3*j - 50. What is the remainder when 5/1 + u/2 is divided by q?
14
Let z(d) = d**2 - d + 1. Let q be z(3). Let k be (3 + (-99)/q)*-7. Calculate the remainder when 30 is divided by 611/k + 1/6.
6
Let w(l) = l**3 + 28*l**2 - 26*l - 703. What is the remainder when (-23)/(0 - (-1)/(-2)) is divided by w(-28)?
21
Let x(l) = -l**3 - 14*l**2 - 24*l + 125. What is the remainder when 346 is divided by x(-12)?
96
Let v be (-7 - -8)*-3*(-20)/15. Let j(s) = 2*s**2 - 19*s + 73. Calculate the remainder when 99 is divided by j(v).
12
Suppose -4*z - 5356 = -17*z. Suppose -u = z - 598. What is the remainder when u is divided by 42?
18
Let v be (-232)/(-24) + (-2)/(-6). Suppose -1 = v*j - 111. Let b(a) = 2*a**2 - 17*a + 22. Calculate the remainder when b(j) is divided by 16.
13
Suppose 75*h - 12198 = -7*h - 25*h. What is the remainder when 794 is divided by h?
110
Let h(z) = 73*z + 4287. Calculate the remainder when h(-40) is divided by 10.
7
Let c(b) = -81*b**3 + b**2 - b + 1. Let v = -47 - -48. Let l be c(v